{"id":423,"date":"2015-10-05T18:39:34","date_gmt":"2015-10-05T16:39:34","guid":{"rendered":"http:\/\/www.volksbanken-laufcup.de\/?page_id=423"},"modified":"2015-10-05T18:53:53","modified_gmt":"2015-10-05T16:53:53","slug":"ergebnisse-vom-duemmerlauf","status":"publish","type":"page","link":"https:\/\/www.volksbanken-laufcup.de\/?page_id=423","title":{"rendered":"Ergebnisse vom D\u00fcmmerlauf"},"content":{"rendered":"<p><span style=\"color: #ff6600;\"><a style=\"color: #ff6600;\" href=\"http:\/\/www.volksbanken-laufcup.de\/wp-content\/uploads\/2015\/10\/10-Km-Frauen-D\u00fcmmerlauf.pdf\" target=\"_blank\">10 Km Frauen D\u00fcmmerlauf<\/a><\/span><a href=\"http:\/\/www.volksbanken-laufcup.de\/wp-content\/uploads\/2015\/10\/IMG-20151003-WA0001.jpg\"><img decoding=\"async\" loading=\"lazy\" class=\" wp-image-428 alignright\" src=\"http:\/\/www.volksbanken-laufcup.de\/wp-content\/uploads\/2015\/10\/IMG-20151003-WA0001.jpg\" alt=\"IMG-20151003-WA0001\" width=\"420\" height=\"236\" srcset=\"https:\/\/www.volksbanken-laufcup.de\/wp-content\/uploads\/2015\/10\/IMG-20151003-WA0001.jpg 1599w, https:\/\/www.volksbanken-laufcup.de\/wp-content\/uploads\/2015\/10\/IMG-20151003-WA0001-300x169.jpg 300w, https:\/\/www.volksbanken-laufcup.de\/wp-content\/uploads\/2015\/10\/IMG-20151003-WA0001-1024x576.jpg 1024w\" sizes=\"(max-width: 420px) 100vw, 420px\" \/><\/a><\/p>\n<p><span style=\"color: #ff6600;\"><a style=\"color: #ff6600;\" href=\"http:\/\/www.volksbanken-laufcup.de\/wp-content\/uploads\/2015\/10\/18-Km-Frauen-D\u00fcmmerlauf.pdf\" target=\"_blank\">18 Km Frauen D\u00fcmmerlauf<\/a><\/span><\/p>\n<p><span style=\"color: #ff6600;\"><a style=\"color: #ff6600;\" href=\"http:\/\/www.volksbanken-laufcup.de\/wp-content\/uploads\/2015\/10\/10-Km-M\u00e4nner-D\u00fcmmerlauf.pdf\" target=\"_blank\">10 Km M\u00e4nner D\u00fcmmerlauf<\/a><\/span><\/p>\n<p><span style=\"color: #ff6600;\"><a style=\"color: #ff6600;\" href=\"http:\/\/www.volksbanken-laufcup.de\/wp-content\/uploads\/2015\/10\/18-Km-M\u00e4nner-D\u00fcmmerlauf.pdf\" target=\"_blank\">18 Km M\u00e4nner D\u00fcmmerlauf<\/a><\/span><\/p>\n<p>Bei den Listen sind zum besseren \u00dcberblick alle Teilnehmer der L\u00e4ufe aufgef\u00fchrt also nicht nur Teilnehmer am Cup<\/p>\n","protected":false},"excerpt":{"rendered":"<p>10 Km Frauen D\u00fcmmerlauf 18 Km Frauen D\u00fcmmerlauf 10 Km M\u00e4nner D\u00fcmmerlauf 18 Km M\u00e4nner D\u00fcmmerlauf Bei den Listen sind zum besseren \u00dcberblick alle Teilnehmer der L\u00e4ufe aufgef\u00fchrt also nicht nur Teilnehmer am Cup<\/p>\n","protected":false},"author":4,"featured_media":0,"parent":0,"menu_order":0,"comment_status":"closed","ping_status":"closed","template":"","meta":{"footnotes":""},"_links":{"self":[{"href":"https:\/\/www.volksbanken-laufcup.de\/index.php?rest_route=\/wp\/v2\/pages\/423"}],"collection":[{"href":"https:\/\/www.volksbanken-laufcup.de\/index.php?rest_route=\/wp\/v2\/pages"}],"about":[{"href":"https:\/\/www.volksbanken-laufcup.de\/index.php?rest_route=\/wp\/v2\/types\/page"}],"author":[{"embeddable":true,"href":"https:\/\/www.volksbanken-laufcup.de\/index.php?rest_route=\/wp\/v2\/users\/4"}],"replies":[{"embeddable":true,"href":"https:\/\/www.volksbanken-laufcup.de\/index.php?rest_route=%2Fwp%2Fv2%2Fcomments&post=423"}],"version-history":[{"count":4,"href":"https:\/\/www.volksbanken-laufcup.de\/index.php?rest_route=\/wp\/v2\/pages\/423\/revisions"}],"predecessor-version":[{"id":453,"href":"https:\/\/www.volksbanken-laufcup.de\/index.php?rest_route=\/wp\/v2\/pages\/423\/revisions\/453"}],"wp:attachment":[{"href":"https:\/\/www.volksbanken-laufcup.de\/index.php?rest_route=%2Fwp%2Fv2%2Fmedia&parent=423"}],"curies":[{"name":"wp","href":"https:\/\/api.w.org\/{rel}","templated":true}]}}