{"id":339,"date":"2015-08-15T18:23:33","date_gmt":"2015-08-15T16:23:33","guid":{"rendered":"http:\/\/www.volksbanken-laufcup.de\/?page_id=339"},"modified":"2015-08-15T18:40:22","modified_gmt":"2015-08-15T16:40:22","slug":"wertungen-dammer-stadtlauf","status":"publish","type":"page","link":"https:\/\/www.volksbanken-laufcup.de\/?page_id=339","title":{"rendered":"Ergebnisse Dammer Stadtlauf"},"content":{"rendered":"<p><span style=\"color: #ff6600;\"><a style=\"color: #ff6600;\" href=\"http:\/\/www.volksbanken-laufcup.de\/wp-content\/uploads\/2015\/08\/Ergebnisse-Jedermannlauf-2015.pdf\" target=\"_blank\">Ergebnisse Jedermannlauf 2015<\/a><\/span><\/p>\n<p><a href=\"http:\/\/www.volksbanken-laufcup.de\/wp-content\/uploads\/2015\/08\/Dammer-Stadlauf2.jpg\"><img decoding=\"async\" loading=\"lazy\" class=\" wp-image-352  alignright\" src=\"http:\/\/www.volksbanken-laufcup.de\/wp-content\/uploads\/2015\/08\/Dammer-Stadlauf2.jpg\" alt=\"\" width=\"423\" height=\"280\" srcset=\"https:\/\/www.volksbanken-laufcup.de\/wp-content\/uploads\/2015\/08\/Dammer-Stadlauf2.jpg 700w, https:\/\/www.volksbanken-laufcup.de\/wp-content\/uploads\/2015\/08\/Dammer-Stadlauf2-300x199.jpg 300w\" sizes=\"(max-width: 423px) 100vw, 423px\" \/><\/a><\/p>\n<p><span style=\"color: #ff6600;\"><a style=\"color: #ff6600;\" href=\"http:\/\/www.volksbanken-laufcup.de\/wp-content\/uploads\/2015\/08\/Ergebnisse-Hauptlauf-2015.pdf\" target=\"_blank\">Ergebnisse Hauptlauf 2015<\/a><\/span><\/p>\n<p>Bei den Listen sind zum besseren \u00dcberblick alle Teilnehmer der L\u00e4ufe aufgef\u00fchrt also nicht nur Teilnehmer am Cup<\/p>\n","protected":false},"excerpt":{"rendered":"<p>Ergebnisse Jedermannlauf 2015 Ergebnisse Hauptlauf 2015 Bei den Listen sind zum besseren \u00dcberblick alle Teilnehmer der L\u00e4ufe aufgef\u00fchrt also nicht nur Teilnehmer am Cup<\/p>\n","protected":false},"author":4,"featured_media":0,"parent":0,"menu_order":0,"comment_status":"closed","ping_status":"closed","template":"","meta":{"footnotes":""},"_links":{"self":[{"href":"https:\/\/www.volksbanken-laufcup.de\/index.php?rest_route=\/wp\/v2\/pages\/339"}],"collection":[{"href":"https:\/\/www.volksbanken-laufcup.de\/index.php?rest_route=\/wp\/v2\/pages"}],"about":[{"href":"https:\/\/www.volksbanken-laufcup.de\/index.php?rest_route=\/wp\/v2\/types\/page"}],"author":[{"embeddable":true,"href":"https:\/\/www.volksbanken-laufcup.de\/index.php?rest_route=\/wp\/v2\/users\/4"}],"replies":[{"embeddable":true,"href":"https:\/\/www.volksbanken-laufcup.de\/index.php?rest_route=%2Fwp%2Fv2%2Fcomments&post=339"}],"version-history":[{"count":6,"href":"https:\/\/www.volksbanken-laufcup.de\/index.php?rest_route=\/wp\/v2\/pages\/339\/revisions"}],"predecessor-version":[{"id":353,"href":"https:\/\/www.volksbanken-laufcup.de\/index.php?rest_route=\/wp\/v2\/pages\/339\/revisions\/353"}],"wp:attachment":[{"href":"https:\/\/www.volksbanken-laufcup.de\/index.php?rest_route=%2Fwp%2Fv2%2Fmedia&parent=339"}],"curies":[{"name":"wp","href":"https:\/\/api.w.org\/{rel}","templated":true}]}}