{"id":20,"date":"2015-04-03T09:46:30","date_gmt":"2015-04-03T07:46:30","guid":{"rendered":"http:\/\/volksbanken-laufcup.de\/wordpress\/?page_id=20"},"modified":"2017-07-07T15:10:01","modified_gmt":"2017-07-07T13:10:01","slug":"ergebnisse","status":"publish","type":"page","link":"https:\/\/www.volksbanken-laufcup.de\/?page_id=20","title":{"rendered":"Ergebnisse 2015\/2016"},"content":{"rendered":"<p><span style=\"color: #ff6600;\"><a style=\"color: #ff6600;\" href=\"http:\/\/www.volksbanken-laufcup.de\/?page_id=284\">Cup Gesamtwertung M\u00e4nner<\/a><img decoding=\"async\" loading=\"lazy\" class=\"alignright wp-image-318 size-full\" src=\"http:\/\/www.volksbanken-laufcup.de\/wp-content\/uploads\/2015\/04\/Banner-e1437500938896.jpg\" alt=\"Banner\" width=\"400\" height=\"267\" \/><\/span><\/p>\n<p><span style=\"color: #ff6600;\"><a style=\"color: #ff6600;\" href=\"http:\/\/www.volksbanken-laufcup.de\/?page_id=286\">Cup Gesamtwertung Frauen<\/a><\/span><\/p>\n<p><span style=\"color: #ff6600;\"><a style=\"color: #ff6600;\" href=\"http:\/\/www.volksbanken-laufcup.de\/?page_id=443\">Alle L\u00e4ufe M\u00e4nner<\/a><\/span><\/p>\n<p><span style=\"color: #ff6600;\"><a style=\"color: #ff6600;\" href=\"http:\/\/www.volksbanken-laufcup.de\/?page_id=440\">Alle L\u00e4ufe Frauen<\/a><\/span><\/p>\n<p><span style=\"color: #ff6600;\"><a style=\"color: #ff6600;\" href=\"http:\/\/www.volksbanken-laufcup.de\/?page_id=708\">Ergebnisse Visbeck<\/a><\/span><\/p>\n<p><span style=\"color: #ff6600;\"><a style=\"color: #ff6600;\" href=\"http:\/\/www.volksbanken-laufcup.de\/?page_id=610\">Ergebnisse Bakum<\/a><\/span><\/p>\n<p><span style=\"color: #ff6600;\"><a style=\"color: #ff6600;\" href=\"http:\/\/www.volksbanken-laufcup.de\/?page_id=592\">Ergebnisse Langf\u00f6rden<\/a><\/span><\/p>\n<p><span style=\"color: #ff6600;\"><a style=\"color: #ff6600;\" href=\"http:\/\/www.volksbanken-laufcup.de\/?page_id=559\">Ergebnisse Silvesterlauf<\/a><\/span><\/p>\n<p><span style=\"color: #ff6600;\"><a style=\"color: #ff6600;\" href=\"http:\/\/www.volksbanken-laufcup.de\/wp-content\/uploads\/2015\/04\/Dinklager-Adventslauf-2015.pdf\" target=\"_blank\">Ergebnisse Adventslauf<\/a><\/span><\/p>\n<p><span style=\"color: #ff6600;\"><a style=\"color: #ff6600;\" href=\"http:\/\/www.volksbanken-laufcup.de\/wp-content\/uploads\/2015\/04\/Ergebnisse-Hauptlauf-10000m.pdf\" target=\"_blank\">Ergebnisse Dammer Crosslauf<\/a><\/span><\/p>\n<p><span style=\"color: #ff6600;\"><a style=\"color: #ff6600;\" href=\"http:\/\/www.volksbanken-laufcup.de\/?page_id=423\">Ergebnisse D\u00fcmmerlauf<\/a><\/span><\/p>\n<p><span style=\"color: #ff6600;\"><a style=\"color: #ff6600;\" href=\"http:\/\/www.volksbanken-laufcup.de\/?page_id=398\">Ergebnisse Waldlauf Vechta<\/a><\/span><\/p>\n<p><span style=\"color: #ff6600;\"><a style=\"color: #ff6600;\" href=\"http:\/\/www.volksbanken-laufcup.de\/?page_id=376\">Ergebnisse Moormarathon Goldenstedt<\/a><\/span><\/p>\n<p><span style=\"color: #ff6600;\"><a style=\"color: #ff6600;\" href=\"http:\/\/www.volksbanken-laufcup.de\/?page_id=339\">Ergebnisse Dammer Stadtlauf<\/a><\/span><\/p>\n<p><span style=\"color: #ff6600;\"><a style=\"color: #ff6600;\" href=\"http:\/\/www.volksbanken-laufcup.de\/?page_id=301\">Alle L\u00e4ufe Handorf-Langenberg<\/a><\/span><\/p>\n","protected":false},"excerpt":{"rendered":"<p>Cup Gesamtwertung M\u00e4nner Cup Gesamtwertung Frauen Alle L\u00e4ufe M\u00e4nner Alle L\u00e4ufe Frauen Ergebnisse Visbeck Ergebnisse Bakum Ergebnisse Langf\u00f6rden Ergebnisse Silvesterlauf Ergebnisse Adventslauf Ergebnisse Dammer Crosslauf Ergebnisse D\u00fcmmerlauf Ergebnisse Waldlauf Vechta Ergebnisse Moormarathon Goldenstedt Ergebnisse Dammer Stadtlauf Alle L\u00e4ufe Handorf-Langenberg<\/p>\n","protected":false},"author":4,"featured_media":0,"parent":0,"menu_order":0,"comment_status":"closed","ping_status":"closed","template":"","meta":{"footnotes":""},"_links":{"self":[{"href":"https:\/\/www.volksbanken-laufcup.de\/index.php?rest_route=\/wp\/v2\/pages\/20"}],"collection":[{"href":"https:\/\/www.volksbanken-laufcup.de\/index.php?rest_route=\/wp\/v2\/pages"}],"about":[{"href":"https:\/\/www.volksbanken-laufcup.de\/index.php?rest_route=\/wp\/v2\/types\/page"}],"author":[{"embeddable":true,"href":"https:\/\/www.volksbanken-laufcup.de\/index.php?rest_route=\/wp\/v2\/users\/4"}],"replies":[{"embeddable":true,"href":"https:\/\/www.volksbanken-laufcup.de\/index.php?rest_route=%2Fwp%2Fv2%2Fcomments&post=20"}],"version-history":[{"count":25,"href":"https:\/\/www.volksbanken-laufcup.de\/index.php?rest_route=\/wp\/v2\/pages\/20\/revisions"}],"predecessor-version":[{"id":1283,"href":"https:\/\/www.volksbanken-laufcup.de\/index.php?rest_route=\/wp\/v2\/pages\/20\/revisions\/1283"}],"wp:attachment":[{"href":"https:\/\/www.volksbanken-laufcup.de\/index.php?rest_route=%2Fwp%2Fv2%2Fmedia&parent=20"}],"curies":[{"name":"wp","href":"https:\/\/api.w.org\/{rel}","templated":true}]}}