{"id":1688,"date":"2018-04-01T14:46:15","date_gmt":"2018-04-01T12:46:15","guid":{"rendered":"http:\/\/www.volksbanken-laufcup.de\/?page_id=1688"},"modified":"2019-03-25T18:52:40","modified_gmt":"2019-03-25T17:52:40","slug":"laufkalender-2018-2019","status":"publish","type":"page","link":"https:\/\/www.volksbanken-laufcup.de\/?page_id=1688","title":{"rendered":"Laufkalender 2018\/2019"},"content":{"rendered":"<p><span style=\"color: #ff6600;\"><a style=\"color: #ff6600;\" href=\"http:\/\/www.volksbanken-laufcup.de\/?page_id=1199\">Laufkalender 2017\/2018<\/a><\/span><\/p>\n\n<table id=\"tablepress-190\" class=\"tablepress tablepress-id-190\">\n<thead>\n<tr class=\"row-1\">\n\t<th class=\"column-1\">Veranstaltung<\/th><th class=\"column-2\">Veranstalter<\/th><th class=\"column-3\">Strecken(Km)<\/th><th class=\"column-4\">Datum<\/th>\n<\/tr>\n<\/thead>\n<tbody class=\"row-striping row-hover\">\n<tr class=\"row-2\">\n\t<td class=\"column-1\">Missionslauf Visbek<\/td><td class=\"column-2\"><a href=\"http:\/\/st.vitus-visbek.de\/\" target=\"_blank\">kath. Kirchengemeinde Visbek<\/a><\/td><td class=\"column-3\">5,6\/10,6\/21,1<\/td><td class=\"column-4\">09.06.2018<\/td>\n<\/tr>\n<tr class=\"row-3\">\n\t<td class=\"column-1\">Voba Summer Run 1. Lauf neue Serie und Abschluss-<br \/>\nVeranstaltung<\/td><td class=\"column-2\"><a href=\"https:\/\/erfundaus.de\/links\/?veranstaltung=17&amp;url=anmelden\" target=\"_blank\">\tVolksbanken Laufcup an der Wunderbar<\/a><\/td><td class=\"column-3\">5\/10\/21,1<\/td><td class=\"column-4\">24.06.2018<\/td>\n<\/tr>\n<tr class=\"row-4\">\n\t<td class=\"column-1\">Handorf-Langenberg<\/td><td class=\"column-2\"><a href=\"http:\/\/www.sv-handorf-langenberg.de\" target=\"_blank\">SV Handorf-Langenberg<\/a><\/td><td class=\"column-3\">3,5\/5\/10<\/td><td class=\"column-4\">22.07.2018<\/td>\n<\/tr>\n<tr class=\"row-5\">\n\t<td class=\"column-1\">Dammer Stadtlauf<\/td><td class=\"column-2\"><a href=\"http:\/\/www.osc-damme.de\" target=\"_blank\">OSC Damme e.V.<\/a><\/td><td class=\"column-3\">3,3\/10<\/td><td class=\"column-4\">24.08.2018<\/td>\n<\/tr>\n<tr class=\"row-6\">\n\t<td class=\"column-1\">Goldenstedt, Moormarathon<\/td><td class=\"column-2\"><a href=\"http:\/\/www.moormarathon.de\" target=\"_blank\">F\u00f6rderverein Gold. Moor e.V.<\/a><\/td><td class=\"column-3\">3,0 Sch\u00fcler\/9,3\/21,1<\/td><td class=\"column-4\">26.08.2018<\/td>\n<\/tr>\n<tr class=\"row-7\">\n\t<td class=\"column-1\">D\u00fcmmerlauf<\/td><td class=\"column-2\"><a href=\"http:\/\/sw-osterfeine.de\" target=\"_blank\">SW Osterfeine<\/a><\/td><td class=\"column-3\">6,6\/10\/18<\/td><td class=\"column-4\">03.10.2018<\/td>\n<\/tr>\n<tr class=\"row-8\">\n\t<td class=\"column-1\">Vechta<\/td><td class=\"column-2\"><a href=\"http:\/\/www.rotaract.de\/\" target=\"_blank\">Vechta<\/a><\/td><td class=\"column-3\">5\/10\/20<\/td><td class=\"column-4\">14.10.2018<\/td>\n<\/tr>\n<tr class=\"row-9\">\n\t<td class=\"column-1\">Dammer Crosslauf<\/td><td class=\"column-2\"><a href=\"http:\/\/www.osc-damme.de\" target=\"_blank\">OSC Damme e.V.<\/a><\/td><td class=\"column-3\">4,7\/10<\/td><td class=\"column-4\">04.11.2018<\/td>\n<\/tr>\n<tr class=\"row-10\">\n\t<td class=\"column-1\">Dinklager Adventslauf<\/td><td class=\"column-2\"><a href=\"http:\/\/www.lauftreff-dinklage.de\/\" target=\"_blank\">Burgl\u00e4ufer Dinklage<\/a><\/td><td class=\"column-3\">5,5\/11<\/td><td class=\"column-4\">02.12.2018<\/td>\n<\/tr>\n<tr class=\"row-11\">\n\t<td class=\"column-1\">Silvesterlauf M\u00fchlen<\/td><td class=\"column-2\"><a href=\"http:\/\/www.gw-muehlen.de\/\" target=\"_blank\">Gr\u00fcn Wei\u00df M\u00fchlen e.V.<\/a><\/td><td class=\"column-3\">3\/6\/10<\/td><td class=\"column-4\">31.12.2018<\/td>\n<\/tr>\n<tr class=\"row-12\">\n\t<td class=\"column-1\">Langf\u00f6rden<\/td><td class=\"column-2\"><a href=\"http:\/\/www.svbw-langfoerden.de\/home.html\" target=\"_blank\">SW BW Langf\u00f6rden e.V.<\/a><\/td><td class=\"column-3\">6\/11\/21,1<\/td><td class=\"column-4\">12.01.2019<\/td>\n<\/tr>\n<tr class=\"row-13\">\n\t<td class=\"column-1\">Bakum<\/td><td class=\"column-2\"><a href=\"http:\/\/www.sc-bakum.de\" target=\"_blank\">SC Schwarz-Wei\u00df Bakum<\/a><\/td><td class=\"column-3\">5\/10\/20<\/td><td class=\"column-4\">02.03.2019<\/td>\n<\/tr>\n<tr class=\"row-14\">\n\t<td class=\"column-1\">3. VOBA SUMMER RUN - 1. Lauf der neuen Serie Volksbanken Laufcup und Abschlussveranstaltung<\/td><td class=\"column-2\"><a href=\"https:\/\/erfundaus.de\/links\/?veranstaltung=17&amp;url=anmelden \" target=\"_blank\">\tVolksbanken im Kreis Vechta<\/a><\/td><td class=\"column-3\">5\/10\/21,1<\/td><td class=\"column-4\">19.05.2019<\/td>\n<\/tr>\n<\/tbody>\n<\/table>\n<!-- #tablepress-190 from cache -->\n","protected":false},"excerpt":{"rendered":"<p>Laufkalender 2017\/2018<\/p>\n","protected":false},"author":4,"featured_media":0,"parent":0,"menu_order":0,"comment_status":"closed","ping_status":"closed","template":"","meta":{"footnotes":""},"_links":{"self":[{"href":"https:\/\/www.volksbanken-laufcup.de\/index.php?rest_route=\/wp\/v2\/pages\/1688"}],"collection":[{"href":"https:\/\/www.volksbanken-laufcup.de\/index.php?rest_route=\/wp\/v2\/pages"}],"about":[{"href":"https:\/\/www.volksbanken-laufcup.de\/index.php?rest_route=\/wp\/v2\/types\/page"}],"author":[{"embeddable":true,"href":"https:\/\/www.volksbanken-laufcup.de\/index.php?rest_route=\/wp\/v2\/users\/4"}],"replies":[{"embeddable":true,"href":"https:\/\/www.volksbanken-laufcup.de\/index.php?rest_route=%2Fwp%2Fv2%2Fcomments&post=1688"}],"version-history":[{"count":4,"href":"https:\/\/www.volksbanken-laufcup.de\/index.php?rest_route=\/wp\/v2\/pages\/1688\/revisions"}],"predecessor-version":[{"id":2281,"href":"https:\/\/www.volksbanken-laufcup.de\/index.php?rest_route=\/wp\/v2\/pages\/1688\/revisions\/2281"}],"wp:attachment":[{"href":"https:\/\/www.volksbanken-laufcup.de\/index.php?rest_route=%2Fwp%2Fv2%2Fmedia&parent=1688"}],"curies":[{"name":"wp","href":"https:\/\/api.w.org\/{rel}","templated":true}]}}